{"id":3293,"date":"2023-05-25T03:36:36","date_gmt":"2023-05-25T03:36:36","guid":{"rendered":"http:\/\/parapentegoodfly.com\/1\/?page_id=3293"},"modified":"2023-05-25T03:56:02","modified_gmt":"2023-05-25T03:56:02","slug":"decoraciones-y-ocasiones-especiales","status":"publish","type":"page","link":"https:\/\/parapentegoodfly.co\/?page_id=3293","title":{"rendered":"Decoraciones y Ocasiones Especiales"},"content":{"rendered":"<p>[vc_row gap=\u00bb35&#8243;][vc_column width=\u00bb2\/3&#8243;][g5element_space spacing=\u00bb30&#8243;][vc_column_text]<\/p>\n<h1>Decoraci\u00f3n Ocasiones Especiales en Cali<\/h1>\n<p>[\/vc_column_text][g5element_space spacing=\u00bb30&#8243;][vc_column_text]<\/p>\n<h4><span style=\"color: #333333;\">Decoraci\u00f3n Rom\u00e1ntica Elegante<\/span><\/h4>\n<p><span style=\"color: #333333;\">Llena de romance y clase. Esta decoraci\u00f3n es Especialmente dise\u00f1ada para los que les gusta celebrar por todo lo alto.<\/span><br \/>\n<span style=\"color: #333333;\">Sobria y elegante, c\u00e1lida y brillante que convertir\u00e1n la ocasi\u00f3n en un momento memorable<\/span><\/p>\n<p><span style=\"color: #333333;\"><strong>Incluye<\/strong><\/span><br \/>\n<span style=\"color: #333333;\">&#x2705; decoraci\u00f3n de mesa con 1 portarretrato donde podr\u00e1s enviarnos tu mejor foto y hacer de.ese momento algo a\u00fan m\u00e1s especial.<\/span><br \/>\n<span style=\"color: #333333;\">&#x2705; decoraci\u00f3n de la hab con cojines decorativos, luces c\u00e1lidas, canastas de flores colgando del techo, enredaderas de florez cayendo de las ventanas, candelabros y velitas.<\/span><br \/>\n<span style=\"color: #333333;\">&#x2705; espejo iluminado con el mensaje peque\u00f1o que desees dedicarle junto a la mesa donde cenaran.<\/span><br \/>\n<span style=\"color: #333333;\">&#x2705; coraz\u00f3n met\u00e1lico dorado con luces y flores donde pondremos 7 foticos peque\u00f1as.<\/span><\/p>\n<h4><span style=\"color: #333333;\">Decoraci\u00f3n en Restaurante<\/span><\/h4>\n<p><span style=\"color: #333333;\">Festejemos cumplea\u00f1ero !<\/span><br \/>\n<span style=\"color: #333333;\">Decoracion en el restaurante con globos a tu elecci\u00f3n y mesita decorada con flores, candelabros y cristaler\u00eda.<\/span><\/p>\n<p>[\/vc_column_text][g5element_space spacing=\u00bb30&#8243;][vc_column_text]<\/p>\n<h4><span style=\"color: #333333;\"><img loading=\"lazy\" decoding=\"async\" class=\"alignleft\" src=\"https:\/\/cuatriaventura.co\/1\/wp-content\/uploads\/2022\/06\/InShot_20220525_111141172-scaled.jpg\" width=\"284\" height=\"426\" \/>PAQUETE CUMPLEA\u00d1ERO<\/span><\/h4>\n<p><span style=\"color: #333333;\">PAQUETE CUMPLEA\u00d1ERO Y ENAMORADOS &#x1f38a;&#x1f382;&#x1f388;<\/span><br \/>\n<span style=\"color: #333333;\">&#x2705; 1 vuelo en parapente (para 1 persona con instructor)<\/span><br \/>\n<span style=\"color: #333333;\">&#x2705; Letrero gigante en la zona de aterrizaje (m\u00e1ximo 20 letras)<\/span><br \/>\n<span style=\"color: #333333;\">&#x2705; Decoraci\u00f3n de mesa con globitos y cristales<\/span><br \/>\n<span style=\"color: #333333;\">&#x2705; 2 Almuerzos Men\u00fa del d\u00eda<\/span><\/p>\n<p><strong><span style=\"color: #333333;\">Valor del paquete $365.000<\/span><\/strong><br \/>\n<span style=\"color: #333333;\">PAQUETE COMPARTIDO (incluye los mismos servicios + 1 vuelo adicional)<strong> $520.000 Pesos<\/strong><\/span><\/p>\n<p><span style=\"color: #333333;\">NOTA este paquete es para la recepci\u00f3n de 2 personas.<\/span><br \/>\n<span style=\"color: #333333;\">Si son m\u00e1s de 2 personas la decoraci\u00f3n cambiar\u00eda de locaci\u00f3n y de dise\u00f1o. ( se realizar\u00eda en la parte del restaurante)<\/span><\/p>\n<p><span style=\"color: #333333;\">Opci\u00f3nal: puedes a\u00f1adirle a tu paquete una torta casera de banano y queso &#x1f967; o una botella de vino tinto de la regi\u00f3n &#x1f37e;por <strong>$30.000<\/strong> adicionales a tu paquete.<\/span><\/p>\n<h4><span style=\"color: #333333;\">SERVICIOS ADICIONALES<\/span><\/h4>\n<p><strong><span style=\"color: #333333;\">LETRERO EN EL ATERRIZAJE<\/span><\/strong><br \/>\n<span style=\"color: #333333;\"><strong><img loading=\"lazy\" decoding=\"async\" class=\"alignleft\" src=\"https:\/\/cuatriaventura.co\/1\/wp-content\/uploads\/2021\/04\/20200913_081627-1.jpg\" width=\"271\" height=\"200\" \/><\/strong>Sorprende a esa persona especial de una manera \u00fanica y genuina con un letrero gigante en el aterrizaje con letras blancas en tela y corazones rojos donde podr\u00e1s colocar el mensaje que desees dedicar.<br \/>\n<\/span><br \/>\n<span style=\"color: #333333;\">El mensaje contiene 20 letras<\/span><br \/>\n<span style=\"color: #333333;\">Valor x letra adicinal: 2.000<\/span><br \/>\n<strong><span style=\"color: #333333;\">VALOR: 70.000 COP<\/span><\/strong>[\/vc_column_text][\/vc_column][vc_column width=\u00bb1\/3&#8243;][vc_gallery type=\u00bbimage_grid\u00bb images=\u00bb3309,3306,3305,3304,3307,3308&#8243; img_size=\u00bbfull\u00bb][\/vc_column][\/vc_row]<\/p>\n","protected":false},"excerpt":{"rendered":"<p>[vc_row gap=\u00bb35&#8243;][vc_column width=\u00bb2\/3&#8243;][g5element_space spacing=\u00bb30&#8243;][vc_column_text] Decoraci\u00f3n Ocasiones Especiales en Cali [\/vc_column_text][g5element_space spacing=\u00bb30&#8243;][vc_column_text] Decoraci\u00f3n Rom\u00e1ntica Elegante Llena de romance y clase. Esta decoraci\u00f3n es Especialmente dise\u00f1ada para los que les gusta celebrar por todo lo alto. Sobria y elegante, c\u00e1lida y brillante que convertir\u00e1n la ocasi\u00f3n en un momento memorable Incluye &#x2705; decoraci\u00f3n de mesa con 1 [&hellip;]<\/p>\n","protected":false},"author":1,"featured_media":0,"parent":0,"menu_order":0,"comment_status":"closed","ping_status":"closed","template":"","meta":{"footnotes":""},"class_list":["post-3293","page","type-page","status-publish","hentry"],"_links":{"self":[{"href":"https:\/\/parapentegoodfly.co\/index.php?rest_route=\/wp\/v2\/pages\/3293","targetHints":{"allow":["GET"]}}],"collection":[{"href":"https:\/\/parapentegoodfly.co\/index.php?rest_route=\/wp\/v2\/pages"}],"about":[{"href":"https:\/\/parapentegoodfly.co\/index.php?rest_route=\/wp\/v2\/types\/page"}],"author":[{"embeddable":true,"href":"https:\/\/parapentegoodfly.co\/index.php?rest_route=\/wp\/v2\/users\/1"}],"replies":[{"embeddable":true,"href":"https:\/\/parapentegoodfly.co\/index.php?rest_route=%2Fwp%2Fv2%2Fcomments&post=3293"}],"version-history":[{"count":0,"href":"https:\/\/parapentegoodfly.co\/index.php?rest_route=\/wp\/v2\/pages\/3293\/revisions"}],"wp:attachment":[{"href":"https:\/\/parapentegoodfly.co\/index.php?rest_route=%2Fwp%2Fv2%2Fmedia&parent=3293"}],"curies":[{"name":"wp","href":"https:\/\/api.w.org\/{rel}","templated":true}]}}